he prime factors of n?
151
Let z = -19 - -226. What are the prime factors of z?
3, 23
Let r be (-4)/22 - 524/22. Let c = r - -59. What are the prime factors of (-120)/(-2)*28/c?
2, 3
Suppose -4*i + 15 = -1. Suppose -12 = -i*q + 4. Suppose 2*t = 2*a + 8, -q*a = -4*t + a + 16. List the prime factors of t.
2
List the prime factors of (-6 - -2 - -4064) + -9.
4051
Let b = -153 - -92. Let t = b + 76. List the prime factors of t.
3, 5
Suppose 13*l = 15*l - 4. Suppose 2*c - 12 = 4*x + 58, 4*c = l*x + 170. What are the prime factors of c?
3, 5
Let c = -142 - -150. Suppose 454 = c*a - 986. What are the prime factors of a?
2, 3, 5
Let v(z) = z**3 + 17*z**2 + 6*z - 35. Let i be v(-16). Let w = 220 - i. List the prime factors of w.
5, 19
List the prime factors of 20706/510 - 4/(-10).
41
Let l(y) = -y**3 - 8*y**2 + 9*y + 1. Let f be l(-9). Suppose 3*a + 12 = n, 4*n - 2*a + f = -1. What are the prime factors of 0 - -2 - (-24 - n)?
23
Let f be (-12)/(-24) - (-2)/4. List the prime factors of 1 - (-82)/1*f.
83
Suppose 4*i - 2 = -2*g, -10 = 5*i + 5*g - 0*g. Suppose u = -i*u + 308. List the prime factors of u.
7, 11
Suppose 2*o = 5*v + 8, -v + 3*o = 2*o + 4. Let q(d) = 2*d**2 + 7*d + 1. Let m be q(-7). Suppose v = -5*n + m + 10. List the prime factors of n.
2, 3
Let x = -108 + 107. Let v(z) = 9*z**2 - 2*z. What are the prime factors of v(x)?
11
Suppose 4915 = 6*b - 155. Suppose -35*o + 40*o = b. List the prime factors of o.
13
Let x = -174 + 264. Suppose -5*y + l - 138 = -569, -y + 4*l = -x. List the prime factors of y.
2, 43
Suppose -8 - 14 = 2*g - z, 5*g + 3*z + 66 = 0. What are the prime factors of (2/(4/(-18)))/(g/80)?
2, 3, 5
Suppose -5*d - 3720 = -15*d. What are the prime factors of d?
2, 3, 31
Suppose -2 = -2*w - 0. Let o be -3*(58/6 - w). Let u = -8 - o. List the prime factors of u.
2, 3
Let h = -71 - -244. Let i = 275 - h. Suppose 4*g - q - i = 0, 2*g - 3*g + 24 = -q. What are the prime factors of g?
2, 13
Suppose -8*n + 4*n + 12 = 0. Suppose 0 = -4*w + 2*u + 84, 0 = 3*w + u - 5*u - 63. Suppose 0*v + n*v = w. What are the prime factors of v?
7
Let j(l) = l**3 - 7*l**2 + 8*l + 6. Let a be j(5). What are the prime factors of 3*a*(154/(-12) + 1)?
2, 71
Suppose 2*x = -10, -2*s - s + 46 = -5*x. Let u(p) = -17 - 2*p - 9*p**2 + s*p**2 + 3*p**2. What are the prime factors of u(7)?
2, 3
Suppose -3*q - 24 = q. What are the prime factors of ((-14)/q)/((-7)/(-21))?
7
Let b = -170 + 269. What are the prime factors of b?
3, 11
Let z(k) = 24*k**2 + 20*k - 34. What are the prime factors of z(6)?
2, 5, 19
Suppose 4*l = 2*z - 572, -5*l - 3*z = -6*z + 717. List the prime factors of l/(-3) - -5*(-2)/5.
3, 5
Let o be (-3)/(-9) + (-11)/(-3). Suppose 2*p + 72 = o*p. Suppose 0*f + p = 2*f. List the prime factors of f.
2, 3
Suppose -1476 = -4*t + 4*m, 6*m - 5*m + 1865 = 5*t. Suppose -6*j + t = -22. What are the prime factors of j?
2, 3, 11
Let q = 1389 - 736. List the prime factors of q.
653
Let c = 691 - -24. Suppose -5*f = -c + 205. What are the prime factors of f?
2, 3, 17
Let m(b) = -346*b**3 + 2*b + 2. Let w be m(-1). Suppose -2*c - 74 = -0*u - u, 5*u - w = 4*c. What are the prime factors of u?
2, 3, 11
Let x(s) = 110*s**2 + 7*s + 1. List the prime factors of x(-1).
2, 13
Let n be 4/(-14) - (-230)/70. Let v = 9 - n. Suppose s - v*s = -60. What are the prime factors of s?
2, 3
Let p be (-2)/(2*(-4)/16). Suppose -c + 7 = p. Suppose -l + 5*n + 18 = 0, 5*l = -c*n + n + 117. What are the prime factors of l?
23
Let c(d) = -d**2 - 9*d - 9. Let w be c(-7). Suppose w*h + j - 420 = 0, 3*j = -h + 47 + 51. List the prime factors of h.
83
Suppose 0*q - 288 = -4*q. Suppose o + 24 = q. What are the prime factors of o?
2, 3
Let i(x) = x**3 - 26*x**2 + 29*x + 21. List the prime factors of i(25).
11
Suppose 2*a - 8*a = -12. Suppose -2*f = -c + 143, 0 = -0*c - 3*c - a*f + 461. List the prime factors of c.
151
Let w be (5/(-7))/((-7)/49). Suppose -w*t + 605 = -4*n, 2*n + 615 = 5*t - 0*n. What are the prime factors of t?
5
Let q = -219 - -1309. List the prime factors of q.
2, 5, 109
Let g(f) = -f**3 + 2*f**2 + 3*f + 3. Let t be g(3). Let p be (-3 - -5) + (8 - 1). Suppose -h - t = 0, h + 17 = j - p. What are the prime factors of j?
23
Suppose 2*p + 38 - 138 = 0. Suppose -15 = -2*r - r, 2*r - p = -2*j. What are the prime factors of j?
2, 5
Suppose 21 = 3*h + 12. Suppose -5*m + h*m + 60 = 0. Let p = m + 0. What are the prime factors of p?
2, 3, 5
Suppose -2*m + 5 - 9 = 0. Let u be m/10 - 243/(-15). Let f = u - 7. List the prime factors of f.
3
Let s = -232 + 559. Let m = -188 + s. What are the prime factors of m?
139
Let i = 4453 - 2765. List the prime factors of i.
2, 211
Let z(w) = -w**3 - 2*w - 1. Let b(v) = -v**3 + 9*v**2 - v + 8. Let t be b(9). Let l be z(t). List the prime factors of (32/(-6) + l)*-6.
2, 5
Let o(m) = 5*m + 7. Let a be -3*((-30)/(-9) - 0). Let w be ((-16)/32)/(1/a). What are the prime factors of o(w)?
2
Let l(d) = -3*d - 6 + 0*d + 7*d + 3*d. Let o be l(8). Suppose 0 = -3*f + f + o. List the prime factors of f.
5
Suppose 5*n - 4*n + 10 = 0. Let r(s) = -s - 7. Let w be r(n). Suppose 78 = 2*x - 2*u, -w*x + x = 3*u - 88. What are the prime factors of x?
41
What are the prime factors of (-4*9/24)/((-12)/5072)?
2, 317
Suppose -972 = -5*i + 2*s, 6*i - 572 = 3*i + 4*s. What are the prime factors of i?
2, 7
Let s = -136 - -241. What are the prime factors of s?
3, 5, 7
Suppose -5*o + 4*o + 4*i + 18 = 0, 2*i + 10 = o. Suppose -5*a + 84 = -o*a. Suppose 0 = -a*j + 29*j - 42. List the prime factors of j.
2, 3, 7
Let x(i) = -i**2 + 22*i + 209. List the prime factors of x(27).
2, 37
Let o be 4/(-18) - 10772/(-36). Suppose 0*b - 5*z + 133 = 2*b, 4*b = z + o. What are the prime factors of b?
2, 37
Suppose -3*a + 765 = d, -6*d + 1532 = -4*d + 4*a. What are the prime factors of d?
2, 3
What are the prime factors of 139/(64/(-352) + 38/88)?
2, 139
Suppose -3*g = -9*g + 60. Let c = 12 - g. Suppose 3*q + 2*q - c*z - 288 = 0, -2*q + 116 = -z. List the prime factors of q.
2, 7
Suppose 1403 - 17495 = -9*t. What are the prime factors of t?
2, 3, 149
Let o(t) = 4*t - 9. Let m(d) = -8*d + 17. Let n(a) = 6*m(a) + 11*o(a). Let w be n(2). Let u = 6 - w. What are the prime factors of u?
11
Suppose -2*g - 6 = -4*o + g, 5*g = 4*o - 2. Let n be (-69)/o + -4 + 1. List the prime factors of 15/(-9)*(n + -1).
3, 5
Let q(t) be the second derivative of 4*t**3/3 - 7*t**2 - 11*t. List the prime factors of q(15).
2, 53
Suppose -1 = 5*k - 11. Let h = 178 + -125. Suppose 5*y - 2*w = 118, -3*w + 8*w = -k*y + h. What are the prime factors of y?
2, 3
Let c(r) = r**3 - 43*r**2 - 42*r - 109. What are the prime factors of c(45)?
7, 293
Suppose 26*k = 11*k + 6525. List the prime factors of k.
3, 5, 29
Let d = 590 + 31. List the prime factors of d.
3, 23
Let g(p) = -3*p**3 + 23*p**2 - p - 6. List the prime factors of g(-4).
2, 3, 31
Let q(x) be the first derivative of 5*x**3/3 + 4*x**2 + 8*x - 23. List the prime factors of q(-5).
3, 31
Suppose 7640 = 3*l - n, 6*l + 5*n = 3*l + 7664. List the prime factors of l.
2, 7, 13
Let r(q) = 3*q**2 + 24*q - 2. What are the prime factors of r(-19)?
5
Suppose -5*d = -2778 - 3427. What are the prime factors of d?
17, 73
Suppose -2*j = -q - 0 - 17, -5*q - 5 = -2*j. Suppose j = c - f - 58, 3*c - 209 = -2*f. List the prime factors of c.
3, 23
Let r(m) = -22 + 25 - 12 + 8*m. List the prime factors of r(5).
31
Suppose -10 = -5*k, -5*r + 0*k + 1281 = 3*k. Suppose -6*p - 156 = -3*v - 3*p, -5*v + r = -4*p. What are the prime factors of v?
47
Let m(w) = -w**3 + 7*w**2 + 9*w - 4. Let l be m(8). Suppose -5*d - l*i + 183 = 0, 5*d - 5*i - 171 = -3*i. What are the prime factors of d?
5, 7
Let n(s) = -46*s**2 + 2*s + 2. Let f be n(-1). Let h = f - -69. Let b = -11 + h. What are the prime factors of b?
2, 3
Let b(u) = -2 + 0*u**2 + 0*u**2 - u**2 + 4*u. Suppose 5*l = -f - 0*l + 22, 16 = 4*f + 2*l. List the prime factors of b(f).
2
Suppose 5*d - 18 = 2*d. Suppose 626 = d*z - 28. What are the prime factors of z?
109
Suppose 6578 = -63*w + 65*w. Suppose -9*d = 2*d - w. What are the prime factors of d?
13, 23
Suppose -6*r = -5*r - 35. What are the prime factors of 3/(-7) + 2570/r?
73
Let g = 72 - 69. Suppose 130 = 2*b + 2*k, -4*b + 103 = -g*k - 150. List the prime factors of b.
2
Let b(w) = -w**3 + 8*w**2 - 3